 (-70)/(-6)*(-9 + 378/35)?
18
Let j(q) = -q**3 - 4*q**2 - 4*q - 3. Let u be 6/(2/(-8)*6). Calculate the remainder when j(u) is divided by 5.
3
Suppose -2*t + 250 = 3*t. What is the remainder when t is divided by 2/2*4*85/20?
16
Let g be (2 - 2*3) + 2. Let y(x) = -3*x**3 - 3*x**2 - x + 2. Calculate the remainder when 46 is divided by y(g).
14
Suppose -2*s - 4*c + 42 = 0, 5*c + 10 + 74 = 4*s. Calculate the remainder when 80 is divided by s.
17
Suppose 3*q - 13 = i + 5*q, 0 = 5*i + q + 38. Calculate the remainder when 38 is divided by i/(-42) + 59/6.
8
Let n be 0/(-2) + 11 + 2. Let u = 25 - n. Calculate the remainder when 47 is divided by u.
11
Suppose 3*x - 8*x + 220 = 0. Suppose 2*n - 8 = t, -2*n - 2*t = -t. What is the remainder when x is divided by (5/n)/((-4)/(-24))?
14
Let a = 12 - -1. Let s(d) = -d**2 + 19*d - 13. Calculate the remainder when a is divided by s(18).
3
Suppose -1 = -j - 3. Calculate the remainder when 4 is divided by (4/(-14))/(j/14).
0
Let w(p) = 8*p**2 - 5*p - 1. Let b be w(-4). Suppose 0 = -5*x + 48 + b. What is the remainder when x is divided by 14?
11
Let w(k) = -k**3 - 7*k**2 - 9*k - 2. What is the remainder when 63 is divided by w(-6)?
15
Suppose -15 - 25 = -4*n. Suppose -h - 5*z + n = 0, -3*z + 0*z - 7 = -2*h. Calculate the remainder when 8 is divided by h.
3
Suppose -3*y - 5 = 22. What is the remainder when 47 is divided by ((-1)/2)/(y/216)?
11
Let x = -19 + 32. Let v = 68 + -37. Suppose 4*m - b - 13 = 10, 3*m = -2*b + v. Calculate the remainder when x is divided by m.
6
Let l(d) = -d + 4. Let x be l(0). Let w = x + -4. Calculate the remainder when 23 is divided by w/2 + -2 - -10.
7
Suppose 3*z = -5*i + 50, -3*i - 72 = 2*z - 7*z. Calculate the remainder when z is divided by 8.
7
Let w be 10/((3 + 0)/3). Suppose w*q - 25 = 5*q. Suppose q*v = v + 76. What is the remainder when v is divided by 10?
9
Suppose 3*a = 8*a. Let p = a + 6. Suppose 0 = 4*u - 33 - 31. Calculate the remainder when u is divided by p.
4
Suppose 0 = -5*s + 25, s = 3*u - 3*s - 13. Calculate the remainder when 20 is divided by u.
9
Let c = -2 + 2. What is the remainder when 18 - (-1 + (4 - c)) is divided by 6?
3
Let s be (2/6)/((-2)/30). Let h = s - -14. What is the remainder when (-17 + (-3 - -3))/(-1) is divided by h?
8
Let v be (21/(-2) - -1)*-2. Suppose -3*t = -l + v, 2*l - 6*l - t = -37. What is the remainder when 27 is divided by l?
7
Let g(t) = 11*t**2 - t. What is the remainder when 44 is divided by g(-1)?
8
Let n(f) = 2*f**2 + 8*f + 8. What is the remainder when 20 is divided by n(-4)?
4
Let m = -3 + 5. Let b be (2/4)/(m/52). Suppose -a + b = -0. Calculate the remainder when a is divided by 5.
3
Suppose 2*z - 68 = -3*b, -2*b + 3*z = 2*b - 102. Calculate the remainder when 93 is divided by b.
21
Suppose v + v - 86 = 0. Suppose 0 = 4*l - 4, -4*l + 0*l = -2*y - 14. Let d(p) = -p**3 - 5*p**2 - 3*p. Calculate the remainder when v is divided by d(y).
13
Calculate the remainder when 1*5 + (2/2 - -3) is divided by 4.
1
Let d = 57 - 19. What is the remainder when d is divided by 10?
8
Suppose 0 = -5*d + 3*v - 89 + 288, v = 3*d - 117. Let h = 65 - d. What is the remainder when 79 is divided by h?
25
Let n(v) = -5*v**3 - 9*v**2 + 4*v + 4. What is the remainder when n(-4) is divided by 14?
10
Let b be 1/2*30/5. Suppose -b*g + 4 = -2. Calculate the remainder when 4 is divided by g.
0
Calculate the remainder when (-560)/(-7 + 2) - (6 - 2) is divided by 22.
20
Let a(x) = x**2 + 5*x. Suppose -60 = 5*n - 20. What is the remainder when a(n) is divided by 14?
10
Suppose 0*m + 4*m - 319 = -5*a, m = -4. What is the remainder when a is divided by 17?
16
Let x(c) = c**3 + 6*c**2 - 7*c - 9. Let p be x(-6). Let g = 70 - p. What is the remainder when g is divided by 10?
7
Suppose 1 = -2*j + 5. Calculate the remainder when (-4)/(-12)*(-1 - -76) is divided by 26/(0 - -4 - j).
12
Suppose -8 - 25 = -3*z. Let b be 1/((-7)/3 + 2). Let n(q) = -2*q**3 - 4*q**2 - 4*q + 1. Calculate the remainder when n(b) is divided by z.
9
Let a(v) = v - 2. Suppose c = -k + 16, -4 = k - 3*c - 0*c. Suppose k = f + 1. What is the remainder when f is divided by a(6)?
2
Suppose -11 - 5 = -t. Suppose -5*a - 19 = -3*n - 7, -t = -4*n - 4*a. Calculate the remainder when n is divided by 2.
0
Suppose 24*o = 19*o + 140. What is the remainder when 109 is divided by o?
25
Let o be (-184)/(-40) + 2/5. Calculate the remainder when o*6 + -1 + 2 is divided by 11.
9
Let t(m) = m - 1. Calculate the remainder when 12/2*14/21 is divided by t(3).
0
Suppose -p + 2 + 0 = 0. Calculate the remainder when 33 is divided by (24/32)/(p/24).
6
Let y = -21 + 36. Let j = y + -11. Calculate the remainder when 16 is divided by (-2)/(-8) - (-35)/j.
7
Let g(r) = -r**2 + 7*r + 3. Let u be g(7). Suppose -4*i + 199 = -3*z + 10, u*z - 36 = -i. What is the remainder when i is divided by 24?
21
Suppose -3*u + 4*o = -329, -4*u + 2*o = -496 + 54. Calculate the remainder when u is divided by 16.
15
Let l be 2/1 + -3 - -1. Suppose l = 2*y - 4, y - 2 = 3*j - 0*y. Suppose 2*n + 2*n - 24 = j. Calculate the remainder when 23 is divided by n.
5
Suppose 2*c + c = -126. What is the remainder when (-2 - c)/1 - -1 is divided by (-1)/(-3) - 82/(-6)?
13
Let m(g) = g - 10. Let y = 0 - -7. Let u be m(y). Calculate the remainder when 55 is divided by 38/u*18/(-12).
17
Let h(y) = 4*y**2. Suppose -a = 2*a - 6. Suppose 5 = -a*i + 23. Calculate the remainder when h(-2) is divided by i.
7
Let i be (-227)/5 + 8/20. Let b be (-2 + (-100)/(-1))*1. Let q = i + b. Calculate the remainder when q is divided by 18.
17
Suppose -u = 4*u - 275. Calculate the remainder when u is divided by 28.
27
Let i(f) = -9*f + 2. Let w be i(-2). Suppose -136 = -6*m + w. What is the remainder when m is divided by 9?
8
Suppose l = 20 - 6. Calculate the remainder when 23 is divided by l.
9
Let q = 12 - -12. Suppose 3*h - q = h. Calculate the remainder when 45 is divided by h.
9
Let v(a) be the second derivative of -2*a**3/3 + 3*a. Calculate the remainder when 33 is divided by v(-3).
9
Let r = 167 - 86. What is the remainder when r is divided by 14?
11
Suppose -9 = 8*g - 11*g. What is the remainder when 10 is divided by g?
1
Let t(r) = -r + 8. Suppose 4*l = 4*g + 4, 3*l + 0*g - 23 = -g. What is the remainder when t(-2) is divided by l?
4
Suppose -3*s + 0*s + 9 = 0. Suppose -7*q + 3 + 4 = 0. What is the remainder when s is divided by q?
0
Let z = -4 - -15. What is the remainder when 31 is divided by z?
9
Let a be (0 - 0) + 5/5. Suppose 5*c - 16 = -a. Calculate the remainder when 5 is divided by c.
2
Let n = 117 + -65. Suppose 4*w = -2*u + 30, -3*w + n = 5*u - 37. Calculate the remainder when 36 is divided by u.
17
Suppose -3*l + 2 = -1. Let g = 9 + l. Suppose r - 22 + 4 = 0. What is the remainder when r is divided by g?
8
Let b be (-26)/(-7) + 2/7. Suppose 2*n - 3*w - 3 - 22 = 0, -w = b*n - 29. Calculate the remainder when n is divided by 19/7 + (-4)/(-14).
2
What is the remainder when ((-90)/(-25))/((-3)/(-40)) is divided by 17?
14
Let k = 28 - 17. What is the remainder when 2/(2/(-1)) + 21 is divided by k?
9
Let q(p) = p**2 + 16*p - 16. Calculate the remainder when 54 is divided by q(-18).
14
Let x(l) = l**3 - 12*l**2 - 12*l - 6. Calculate the remainder when 12 is divided by x(13).
5
What is the remainder when 21 is divided by (-2)/(-3) - (-136)/12?
9
Let u(q) = -q**3 - 7*q**2 + 17. What is the remainder when 4/6 + (-444)/(-9) is divided by u(-7)?
16
Let n = -117 - -165. What is the remainder when n is divided by 17?
14
Calculate the remainder when (-18)/2*(-80)/15 is divided by 13.
9
Let p(n) = n**2 + 10*n. Let b be p(-12). Suppose 0 = -3*g + b. What is the remainder when -4*(1 - 34/4) is divided by g?
6
Let n(u) = -2*u**3 + 8*u**2 + 5*u - 12. Suppose -5 = -6*r + 5*r. What is the remainder when n(4) is divided by r?
3
Suppose -p - 2*j = -5*p + 226, 2*p + 4*j = 98. Suppose -9 = 2*m - p. Calculate the remainder when 44 is divided by m.
21
Let p = -117 + 140. What is the remainder when 91 is divided by p?
22
Suppose 18 + 2 = 2*z. Suppose 0 = 2*o + h - 11, -h - 2*h = -15. Let t = z - o. Calculate the remainder when 13 is divided by t.
6
Let q(w) = -11*w**3 + w + 1. Let n(u) = -u**2 + 3*u + 3. Let a be n(4). What is the remainder when q(a) is divided by 3?
2
Let m be 4/6*(-9)/(-2). 